?
True
Is 14 a factor of 5150?
False
Is 156 a factor of 9851?
False
Is 14 a factor of 5244?
False
Is 260 a multiple of 4?
True
Is 24 a factor of 217?
False
Does 12 divide 1740?
True
Is 28 a factor of 13009?
False
Is 1883 a multiple of 3?
False
Is 5 a factor of 1855?
True
Does 25 divide 6725?
True
Does 9 divide 1692?
True
Is 27 a factor of 9342?
True
Is 14 a factor of 20078?
False
Is 23 a factor of 492?
False
Is 1089 a multiple of 18?
False
Does 27 divide 3605?
False
Is 41 a factor of 1968?
True
Is 15 a factor of 217?
False
Is 87073 a multiple of 49?
True
Is 4 a factor of 1024?
True
Is 11 a factor of 770?
True
Does 105 divide 25725?
True
Is 29 a factor of 8713?
False
Is 20 a factor of 83020?
True
Is 108 a factor of 6142?
False
Is 13 a factor of 195?
True
Is 5220 a multiple of 30?
True
Is 490 a multiple of 10?
True
Is 20 a factor of 763?
False
Does 103 divide 25851?
False
Is 24 a factor of 24216?
True
Is 17 a factor of 4109?
False
Does 7 divide 86?
False
Is 446 a multiple of 3?
False
Is 164 a factor of 12136?
True
Is 7 a factor of 4522?
True
Does 12 divide 464?
False
Is 153 a factor of 1071?
True
Is 12 a multiple of 6?
True
Is 16 a factor of 807?
False
Is 13 a factor of 1027?
True
Does 246 divide 55104?
True
Is 41 a factor of 496?
False
Is 24 a factor of 504?
True
Is 6 a factor of 1452?
True
Is 666 a multiple of 37?
True
Is 83 a factor of 27722?
True
Is 6468 a multiple of 21?
True
Is 32997 a multiple of 18?
False
Is 11 a factor of 792?
True
Is 5 a factor of 1470?
True
Is 3360 a multiple of 14?
True
Is 5828 a multiple of 62?
True
Is 298 a factor of 33581?
False
Is 33172 a multiple of 29?
False
Is 9 a factor of 63?
True
Is 40 a multiple of 2?
True
Does 16 divide 318?
False
Is 45969 a multiple of 21?
True
Does 12 divide 954?
False
Does 24 divide 96?
True
Is 13 a factor of 11217?
False
Is 27 a factor of 837?
True
Does 17 divide 238?
True
Is 16 a factor of 9008?
True
Is 2975 a multiple of 35?
True
Does 8 divide 505?
False
Is 11 a factor of 7434?
False
Is 36 a factor of 7056?
True
Does 35 divide 70?
True
Is 4 a factor of 18716?
True
Is 10 a factor of 2480?
True
Is 6336 a multiple of 99?
True
Does 38 divide 90684?
False
Does 10 divide 1110?
True
Is 28 a factor of 4648?
True
Is 5025 a multiple of 5?
True
Does 5 divide 824?
False
Is 21 a factor of 12631?
False
Does 28 divide 40376?
True
Is 63 a factor of 1062?
False
Is 3050 a multiple of 111?
False
Is 20 a factor of 4891?
False
Is 31 a factor of 2325?
True
Is 64 a factor of 1035?
False
Is 23 a factor of 2921?
True
Is 43 a factor of 4472?
True
Is 57 a factor of 196?
False
Is 5 a factor of 136?
False
Does 62 divide 1424?
False
Does 33 divide 4864?
False
Does 13 divide 9772?
False
Does 221 divide 12597?
True
Is 23 a factor of 17283?
False
Is 135 a multiple of 9?
True
Does 122 divide 6185?
False
Is 15 a factor of 28665?
True
Does 28 divide 476?
True
Is 1656 a multiple of 12?
True
Does 8 divide 240?
True
Is 26598 a multiple of 143?
True
Does 14 divide 15680?
True
Does 16 divide 562?
False
Is 9735 a multiple of 55?
True
Does 55 divide 2036?
False
Is 7196 a multiple of 4?
True
Does 11 divide 9669?
True
Is 24 a multiple of 8?
True
Is 6 a factor of 898?
False
Does 41 divide 27880?
True
Does 7 divide 2520?
True
Is 31 a factor of 4170?
False
Is 42 a factor of 2772?
True
Is 10 a factor of 18589?
False
Is 4395 a multiple of 122?
False
Does 8 divide 20926?
False
Does 30 divide 10233?
False
Is 10 a factor of 1320?
True
Is 972 a multiple of 36?
True
Is 14 a factor of 13416?
False
Is 7 a factor of 1770?
False
Is 6 a factor of 5001?
False
Is 669 a multiple of 2?
False
Is 287 a multiple of 15?
False
Is 40 a factor of 2267?
False
Is 98 a factor of 15092?
True
Is 9 a factor of 801?
True
Does 15 divide 7367?
False
Is 17 a factor of 323?
True
Does 17 divide 3352?
False
Is 29103 a multiple of 89?
True
Does 10 divide 24368?
False
Does 16 divide 3584?
True
Does 16 divide 205?
False
Is 20 a factor of 5540?
True
Does 123 divide 23045?
False
Is 13 a factor of 29?
False
Is 76 a factor of 4109?
False
Is 12 a factor of 3059?
False
Is 137 a factor of 30003?
True
Is 5 a factor of 636?
False
Is 40 a factor of 1680?
True
Does 2 divide 3?
False
Does 16 divide 212112?
True
Is 10 a factor of 33900?
True
Is 2 a factor of 489?
False
Is 10 a factor of 1150?
True
Does 184 divide 8823?
False
Is 198 a factor of 4356?
True
Is 8 a factor of 56?
True
Is 166 a multiple of 7?
False
Is 20 a factor of 500?
True
Is 11634 a multiple of 42?
True
Does 19 divide 3021?
True
Does 22 divide 2354?
True
Is 324 a multiple of 5?
False
Does 10 divide 11316?
False
Does 22 divide 1352?
False
Is 27354 a multiple of 7?
False
Does 35 divide 10583?
False
Does 9 divide 36666?
True
Is 2627 a multiple of 51?
False
Is 34 a factor of 632?
False
Is 563 a multiple of 27?
False
Does 13 divide 104?
True
Is 11 a factor of 3626?
False
Is 8 a factor of 4297?
False
Is 139 a factor of 36203?
False
Is 7 a factor of 2739?
False
Is 210 a factor of 11760?
True
Is 7539 a multiple of 21?
True
Is 13 a factor of 1140?
False
Is 13 a factor of 443?
False
Does 12 divide 2880?
True
Does 17 divide 26959?
False
Is 989 a multiple of 23?
True
Is 24 a factor of 12936?
True
Is 3 a factor of 2044?
False
Is 834 a multiple of 91?
False
Is 883 a multiple of 8?
False
Is 21 a factor of 1166?
False
Does 8 divide 64832?
True
Does 77 divide 16093?
True
Is 15 a factor of 555?
True
Does 6 divide 48?
True
Does 62 divide 1645?
False
Is 16 a factor of 1296?
True
Is 135 a multiple of 9?
True
Does 19 divide 176?
False
Is 29 a factor of 2757?
False
Is 6 a factor of 36?
True
Does 4 divide 48781?
False
Is 2313 a multiple of 18?
False
Is 45192 a multiple of 18?
False
Does 7 divide 392?
True
Is 47 a factor of 19865?
False
Does 50 divide 350?
True
Does 16 divide 12613?
False
Is 1680 a multiple of 60?
True
Does 3 divide 693?
True
Is 60 a factor of 12600?
True
Does 12 divide 360?
True
Is 14616 a multiple of 21?
True
Is 110 a factor of 1513?
False
Is 936 a multiple of 39?
True
Is 40 a factor of 1640?
True
Does 95 divide 33111?
False
Is 2808 a multiple of 39?
True
Does 20 divide 700?
True
Is 38 a factor of 21268?
False
Is 170 a multiple of 32?
False
Does 29 divide 6977?
False
Is 156 a factor of 5928?
True
Is 186 a factor of 45402?
False
Does 54 divide 19494?
True
Does 60 divide 1800?
True
Is 4610 a multiple of 22?
False
Is 13 a factor of 3671?
False
Is 3 a factor of 3726?
True
Is 20 a factor of 1480?
True
Does 18 divide 482?
False
Is 483 a multiple of 14?
False
Is 175 a factor of 3325?
True
Is 19 a factor of 1631?
False
Is 40 a factor of 4784?
False
Is 7 a factor of 68?
False
Is 38 a factor of 25176?
False
Is 34 a factor of 1972?
True
Is 1808 a multiple of 14?
False
Is 421 a multiple of 70?
False
Is 5838 a multiple of 139?
True
Is 24 a factor of 1467?
False
Is 188 a factor of 38444?
False
Is 173 a multiple of 47?
False
Is 21 a factor of 483?
True
Is 17 a factor of 2159?
True
Does 15 divide 1138?
False
Is 338 a multiple of 84?
False
Does 74 divide 23992?
False
Is 12 a factor of 85?
False
Is 650 a multiple of 9?
False
Is 31 even?
False
Is 11426 a multiple of 4?
False
Does 12 divide 11702?
False
Does 8 divide 143?
False
Does 15 divide 20022?
False
Is 15 a factor of 510?
True
Is 266 a multiple of 29?
False
Is 703 a multiple of 18?
False
Does 16 divide 4112?
True
Does 17 divide 2444?
False
Does 19 divide 6080?
True
Is 91 a multiple of 91?
True
Does 63 divide 7623?
True
Is 10 a factor of 290?
True
Is 520 a multiple of 130?
True
Is 8 a factor of 184?
True
Is 4 a factor of 2528?
True
Is 32 a multiple of 16?
True
Is 98 a factor of 1078?
True
Is 5 a factor of 361?
False
Is 37 a factor of 1073?
True
Is 14 a factor of 56578?
False
Is 9 a factor of 11700?
True
Does 93 divide 1395?
True
Is 23 a factor of 23?
True
Is 50 a factor of 39900?
True
Does 9 divide 3798?
True
Is 1065 a multiple of 15?
True
Is 5900 a multiple of 93?
False
Does 19 divide 1715?
False
Is 29 a factor of 435?
True
Is 31376 a multiple of 168?
False
Is 5083 a multiple of 17?
True
Is 71 a factor of 3905?
True
Does 29 divide 1653?
True
Is 15 a factor of 2354?
False
Is 1584 a multiple of 44?
True
Does 20 divide 8100?
True
Is 700 a multiple of 35?
True
Does 74 divide 370?
True
Is 14 a factor of 3299?
False
Is 8762 a multiple of 10?
False
Is 231 a multiple of 7?
True
Does 13 di